n factor of k and a.
22
Let s(u) = -u**2 + 8*u - 1. Let i be s(6). Calculate the highest common factor of 88 and i.
11
Let z be (51/12*-2)/((-2)/4). Calculate the highest common factor of 51 and z.
17
Let a be 2/(-11) - 356/(-22). Let b(q) = q**2 + 7*q + 2. Let f be b(6). Calculate the greatest common factor of a and f.
16
Let k(c) = c**3 + c**2 - c + 5. Let l be k(0). Suppose -3 = -l*s + 2. Suppose -4*j = s - 25. Calculate the greatest common factor of j and 2.
2
Let m = -3 + 6. Suppose -m*u + 6 = -9. Suppose u*s - 3*s = 16. Calculate the highest common factor of s and 4.
4
Let a be (-2 + -2 - -3)*-3. Let z(b) = 10*b - 4. Let r be z(a). Let g be 4*3 + 0 + 1. What is the highest common divisor of g and r?
13
Let f = 7 - 2. Suppose -52 = -4*n - 3*m + f*m, -4*m = -4*n + 56. What is the greatest common divisor of 84 and n?
12
Let o(h) = -h**2 - 13*h + 11. Let v be o(-13). What is the greatest common divisor of v and 88?
11
Let c be (-239)/(-5) - (-1)/5. Let h = c - 26. Let d be (-2 - (-9)/(-12))/((-3)/12). Calculate the greatest common factor of d and h.
11
Suppose 16 = 4*q + 5*f - 7, -11 = -2*q - 3*f. What is the greatest common factor of 1 and q?
1
Let y(k) = 10*k - 5. Let c(j) be the first derivative of j**2 - j - 4. Let m be c(3). Let d be y(m). Calculate the greatest common divisor of d and 15.
15
Let p = -6 - -9. Let s = 3 - -24. Calculate the highest common divisor of s and p.
3
Let t(x) = x**3 + x**2 - x + 169. Let d be t(0). What is the highest common divisor of d and 13?
13
Let s be 1 + (-92)/((-12)/3). Suppose -5*j = -3*r + 81, -3*j = -10 + 1. Suppose 8*a = 4*a + r. What is the greatest common factor of a and s?
8
Suppose 0 = 5*s - 39 - 46. What is the highest common factor of s and 170?
17
Let j(p) = p**3 - 5*p**2 - 7*p + 8. Let f be j(6). Suppose 0 = -f*x + x - 10. Let q be ((-12)/x)/((-6)/(-20)). What is the greatest common divisor of 44 and q?
4
Let d = -70 - -82. Suppose 2*l - 195 = x, 0 = l - 2*x + 5*x - 87. Calculate the greatest common divisor of d and l.
12
Suppose -5*a = -2*z - z + 136, 0 = -z - 2*a + 60. Calculate the greatest common divisor of z and 78.
26
Suppose 13*t + 220 = 15*t. What is the greatest common factor of t and 22?
22
Suppose -2*i + 50 = -68. Let n = 6 + i. Calculate the highest common divisor of 26 and n.
13
Suppose -5*p - 26 = -76. Let o(j) = -j**3 + 5*j**2 - j + 10. Let a be o(5). What is the highest common factor of a and p?
5
Let i be (12/15)/((-5)/25). Let d be ((-3)/3)/1*i. Calculate the greatest common factor of 4 and d.
4
Let d(u) = u**3 - u**2 + u + 210. Let g be d(0). Suppose 0 = -2*a - a + g. What is the highest common divisor of a and 14?
14
Let x(v) = -53*v**3 - 2*v**2 - 3*v - 2. Let u be x(-2). Suppose -5*r = -0*r - u. What is the greatest common divisor of r and 12?
12
Let v be 61/4 + (-3)/12. Let u = v + -5. Let r(d) = d**2 - d + 5. Let x be r(5). What is the highest common divisor of u and x?
5
Let f = 44 + -21. Calculate the greatest common divisor of f and 207.
23
Let l be (2 - -43)*8/3. Let b(o) = 6*o**3 - o**2 + o. Let i be b(1). Suppose 0 = -g + i + 9. Calculate the highest common divisor of g and l.
15
Let f = 37 + 4. Let j = f + 7. What is the highest common divisor of j and 16?
16
Let f be (-45)/(-20) + 2/(-8). Let b = f + -1. Calculate the greatest common divisor of 5 and b.
1
Suppose -31 - 77 = -3*a. Calculate the highest common divisor of a and 60.
12
Let k be (-4)/10 - (-24)/10. Calculate the highest common divisor of 4 and k.
2
Let k(m) be the first derivative of -m**4/4 + 5*m**3/3 - m**2 + 1. Let r be k(2). What is the greatest common divisor of r and 88?
8
Let q(n) = 9*n**3 + n**2. Let v be q(1). Suppose -3 - 13 = -4*r, 0 = 2*b + 2*r - 16. What is the highest common factor of v and b?
2
Suppose 6*t - 39 = 57. Calculate the highest common factor of t and 32.
16
Suppose -125*m + 124*m + 32 = 0. What is the greatest common factor of 40 and m?
8
Suppose 5*d - 11 = -o, -d + 3 = 3*o - 2. Let t be ((-3)/d)/((-1)/18). Calculate the greatest common divisor of 9 and t.
9
Let q(l) = -5*l - 4. Suppose -15 = 6*o - 3*o. Let a be q(o). What is the greatest common factor of 3 and a?
3
Suppose 7*u - 4*u - 27 = 0. What is the greatest common factor of u and 63?
9
Suppose -3*j - 2*h = -17, -4*j + 0*j - 4 = -4*h. Suppose 2*k - 4*z - 34 = 0, -3*k - k + 76 = -4*z. Calculate the highest common factor of k and j.
3
Suppose 5*s + 2*k = -k + 185, -4*k - 140 = -3*s. Suppose -h = 4*h - s. Calculate the greatest common divisor of 56 and h.
8
Let r(t) = -2*t**3 - 7*t**2 - t + 3. Let m be r(-6). Suppose 5*z - m = -29. What is the greatest common factor of z and 80?
16
Let s = -46 + 6. Let g = s + 104. Calculate the highest common divisor of g and 8.
8
Suppose -o = r - 42 - 13, -2*o + 3*r = -110. Suppose 4*h - 10*h + 66 = 0. Calculate the highest common factor of h and o.
11
Let k be 6*2 - (-4)/(-2). Let g(r) = r**2 - 3*r - 5. Let p be g(5). What is the greatest common factor of p and k?
5
Let t(v) = v**2 + 8*v - 7. Let n be t(-9). Suppose n*k - r - 2*r = -8, -2*r + 12 = -2*k. Let a = 30 - k. Calculate the greatest common factor of a and 20.
20
Suppose -c - 3*c + 128 = 0. Let p = c + 32. Suppose -10 = -2*a + 2*g, -2*a - 2*a + 26 = -2*g. What is the highest common divisor of p and a?
8
Let p be ((-120)/14)/((-19)/266). Calculate the highest common divisor of p and 30.
30
Suppose -5*t + 3*i + 63 = 0, -2*t + 27 + 1 = -4*i. What is the greatest common divisor of t and 3?
3
Let h(g) = -g**2 + 8*g. Let v be h(7). Let r(c) = 9*c - 4*c**2 + 0*c**2 + 4*c**2 - c**2 - 5. Let l be r(v). What is the highest common divisor of l and 36?
9
Let n be -3*(1 + (-69)/9). Suppose 15 = -4*l + 95. What is the greatest common divisor of n and l?
20
Suppose -14*m + 9 = -11*m. Suppose -2*a + 700 = m*a. What is the highest common divisor of 28 and a?
28
Let g = -29 + 44. Calculate the highest common factor of g and 45.
15
Suppose 0*o + 40 = -5*o. Let i be 52/16 - (-2)/o. Let j be 12*3/3 + 3. What is the highest common factor of i and j?
3
Let l = -31 - -50. Let t(v) = 98*v. Let j be t(1). Let r = 231 - j. What is the greatest common factor of r and l?
19
Let s = -17 - -27. Let o(b) = b**2 - 6*b + 3. Let y be o(7). What is the greatest common divisor of s and y?
10
Let d be 26*(-18)/(-21) + (-6)/21. Let j be 2/(-2) + (-4 - 2). Let t = d + j. What is the greatest common divisor of t and 15?
15
Suppose 2*f - 43 = -3*j - 2, -5*j + 70 = 5*f. Let k be (0 + -26)*(-2)/4. What is the highest common factor of k and j?
13
Suppose 0*p - 4 = -p. Suppose p*k - 2*o = 62, 3*o + 0 = -5*k + 50. Let q = 23 - k. What is the highest common divisor of 90 and q?
10
Let n be 1 + 3 + 16/(-8). Calculate the greatest common divisor of 5 and n.
1
Let b(o) = o**3 + 4*o**2 - 6*o + 5. Let t = 2 + -7. Let f be b(t). Calculate the greatest common divisor of 2 and f.
2
Suppose 65 = d - g, d + 0*d + 3*g = 65. Let i = -2 - -2. Suppose -104 = -i*m - 4*m. Calculate the highest common factor of d and m.
13
Suppose 0 = n - 82 + 10. Calculate the greatest common divisor of 8 and n.
8
Suppose -3 + 23 = 4*s. Let u be 1/((-5)/(-3))*s. What is the greatest common factor of 2 and u?
1
Let q(m) = -m**2 + 7*m - 6. Let p be q(4). Let x = -2 + p. Suppose -z = z - x. Calculate the greatest common divisor of z and 4.
2
Let j(r) = -r**2 - 2*r + 1. Let k be j(1). Let y = 16 + k. Calculate the greatest common factor of y and 70.
14
Let d be 342/12 + (-1)/(-2). Calculate the highest common factor of d and 145.
29
Suppose 2*b - b + 2*x = 2, -2*b - 5*x + 4 = 0. Suppose 2*i = n + 102, -6 = 4*n + b. What is the highest common factor of i and 20?
10
Let t = 54 - 38. What is the highest common factor of 2 and t?
2
Let z = 227 - 115. Calculate the greatest common divisor of 14 and z.
14
Let m(y) = 4*y**3 - 3*y**2 + 2*y - 3. Let g be m(2). What is the greatest common factor of g and 42?
21
Let h(c) = -c**2 - 16*c + 3. Let v be h(-9). Calculate the greatest common divisor of v and 6.
6
Suppose -2*g + 352 = 4*j - g, 0 = 4*j - 2*g - 364. Let s = j - 40. Let i = -29 + s. What is the greatest common factor of i and 10?
10
Suppose -2*w = -5*v - 369, -v + 749 = 2*w + 2*w. What is the greatest common divisor of w and 17?
17
Suppose -3*x = 5*a - 359, x + 207 = -3*a + 6*a. Calculate the highest common f